 71 - 245. Calculate the remainder when k is divided by i.
16
Suppose -2*k + 90 = 36. What is the remainder when k is divided by (-1 - -4) + 12 + -1?
13
Let h(f) be the first derivative of f**4/4 + 10*f**3/3 - f**2/2 + 2. What is the remainder when 27 is divided by h(-10)?
7
Suppose -z + 2080 = 3*z. What is the remainder when z/44 + 4/22 is divided by 7?
5
Let r(w) = -w**3 + 6*w**2 + 2*w - 9. Let i be r(6). Suppose p + 60 = i*p. Calculate the remainder when p is divided by 16.
14
Calculate the remainder when 53 is divided by (10/4 - 4)/((-2)/24).
17
Let g(x) = -16*x**3 + x**2 - 2*x + 1. Let c be g(1). Let u = c - -53. Calculate the remainder when u is divided by 13.
11
What is the remainder when (-8 - 0 - -4) + 22 is divided by 5?
3
Suppose 2*m - 408 = -10*m. Calculate the remainder when m is divided by 10.
4
Suppose 0 = 8*o - 13*o. Suppose o = 4*a - 3*w + 8*w - 270, 0 = 3*a + 4*w - 203. Calculate the remainder when a is divided by 17.
14
Let n = 18 + 10. What is the remainder when 136 is divided by n?
24
What is the remainder when (44/132)/(1/78 + 0) is divided by 8?
2
Suppose -t = -2*t + 18. Calculate the remainder when 49 is divided by t.
13
Let z = -13 + 24. Calculate the remainder when 17 is divided by z.
6
Suppose 2*r - g - 23 - 28 = 0, 2*g - 123 = -5*r. What is the remainder when r is divided by (0 - -14)*-4*(-6)/24?
11
Let p = -6 - -9. Suppose 0 = 3*r + p*z - 19 - 20, -5*r + 115 = -5*z. Suppose 13 = -4*m - o + 33, -2*m = 3*o - 10. What is the remainder when r is divided by m?
3
Suppose 0 = 5*a - 7 + 32. Let v(x) = 2*x**2 + 6*x + 2. Let s = -8 + 14. Calculate the remainder when v(a) is divided by s.
4
Let p = 16 - -1. Suppose -r + 3*i + 38 = 0, 129 = 3*r - i + 31. Calculate the remainder when r is divided by p.
15
Let p = 193 - 110. What is the remainder when p is divided by 44?
39
Let q = -38 - -26. Let p = q - -17. Suppose 2*y = 7*y + 3*b - 160, 2*y + p*b - 83 = 0. Calculate the remainder when y is divided by 10.
9
Let w = 13 + -11. Suppose 0 = -u - 2*z + 15, 3*z - 27 = -2*u - w. Calculate the remainder when 12 is divided by u.
2
Let y = 767 + -443. Suppose 2*a - 4*a = 3*n - 329, 0 = 3*n - 3*a - y. What is the remainder when n is divided by 28?
25
Suppose 0 = 4*a - c + 22, -5*a - 5*c = 23 + 17. Calculate the remainder when 4 + -2*(1 - 0) is divided by (a/9)/((-6)/9).
0
Let j = 3 + 2. Suppose 0*k = -5*k + 5*f + 60, -j*k - 4*f + 51 = 0. Let a(m) = 4*m + 5. Calculate the remainder when a(4) is divided by k.
10
Suppose 0 = 2*q + 3*q + 2*w - 53, q = -4*w + 7. Suppose -2*d + 5 = 5*f - 2, 3*f + d - 5 = 0. What is the remainder when q is divided by f?
2
Let t(g) = g**3 - 5*g**2 - 4*g + 2. Let m(r) = -r**3 + 4*r**2 - r. Let k be m(3). What is the remainder when 26 is divided by t(k)?
12
Let d(b) = 2*b - 2. Let f be d(3). Let t(m) = m**3 - 3*m**2 - 3*m + 2. What is the remainder when t(f) is divided by 3?
0
Suppose -4 = 4*h - 0*h. Let y be 2 - 1 - (h + -48). Suppose a - y = -a. What is the remainder when a is divided by 13?
12
Let p = 22 + 4. Calculate the remainder when 76 is divided by p.
24
Suppose 0 = -7*c + 3*c. Let t be (-1 - -2)/(-1 - c). Calculate the remainder when 0 + (22 - -1 - t) is divided by 13.
11
Let m = 19 - -1. Suppose -5*r = 80 - 10. What is the remainder when m is divided by 102/14 - (-4)/r?
6
Suppose -5*i + 10 = 2*x + 3*x, -2*x = -i - 19. What is the remainder when 47 is divided by x?
5
Suppose -101 = -4*u + 31. Calculate the remainder when u is divided by 17.
16
Let m(z) = -11*z**3 - 2*z**2 - 2*z. What is the remainder when m(-1) is divided by 7?
4
Let z(q) = -1 + 8*q**2 + 2*q - 4*q + 0*q**2. Calculate the remainder when z(-2) is divided by ((-12)/5)/(3/(-15)).
11
Suppose 4*q - v - 16 = 0, -v - 13 = q + 3*v. Suppose 0 = q*r + 2*k - 4, r - 3*r - 5*k - 1 = 0. What is the remainder when 7 is divided by 1*((-4)/r - -4)?
1
Suppose -5*j + 3*k + 125 = 0, 8*j - 6*j = 5*k + 50. What is the remainder when j is divided by 9?
7
Let u(f) = 22*f**2 - f. Let w be u(-1). Let q = 32 - w. Suppose 5*h - 2*h - 51 = 0. Calculate the remainder when h is divided by q.
8
Suppose -3*j - 3 = 2*d + 4, -22 = 3*j + 5*d. Let t(n) = -j + 5*n**2 + 2 - n**2. What is the remainder when t(2) is divided by 6?
5
Suppose 5*q = 59 - 14. Let n(f) = -3*f + 1. Suppose 5*h - 3*d = -31, 6*h + 2*d + 22 = 4*h. What is the remainder when n(h) is divided by q?
7
Let o(y) be the third derivative of -y**6/120 + 7*y**5/60 - 5*y**4/24 + y**3 - 3*y**2. What is the remainder when 35 is divided by o(6)?
11
Let v(f) = -f**3 - 8*f**2 - 11*f - 14. Let s be (-28)/(-6)*15/(-10). Calculate the remainder when 25 is divided by v(s).
11
What is the remainder when 59 is divided by (-42)/(-98) + (-414)/(-14)?
29
Let d = 0 - -3. Let g = 6 + d. Suppose -6*a + 2*a = -8, n - a = 24. What is the remainder when n is divided by g?
8
Let f(r) = -r**2 + 11*r + 5. Calculate the remainder when f(5) is divided by 18.
17
Calculate the remainder when 12 is divided by (14/(-5))/(8/(-20)).
5
Let k = -41 - -93. Calculate the remainder when k is divided by 18.
16
Let f = 27 - 14. Suppose 0 = 2*o + o - 150. Calculate the remainder when o is divided by f.
11
Let w be 2 + 1 - (-1 - -1). Suppose 5*m = 4*x + 96, -4*m - w*x = -23 - 29. Calculate the remainder when 61 is divided by m.
13
Calculate the remainder when 4/18 - (-2964)/27 is divided by 38.
34
Suppose 48 = 4*o + 16. Let d = -265 + 296. What is the remainder when d is divided by o?
7
Suppose -5*y = -3*u + 17, 4*u - 3*u - 5*y + 11 = 0. What is the remainder when 53 is divided by u?
11
Let o be (-1)/(-1) - (-2 - -3). Suppose o = d + 4*q + 5, -d - d + 23 = -3*q. What is the remainder when 20 is divided by d?
6
Let c = -31 - -37. What is the remainder when 11 is divided by c?
5
Let z = 18 - 5. Suppose 2*u = -u + 9, 3*u - 5 = s. Suppose 7*g = s*g + 75. Calculate the remainder when g is divided by z.
12
Let h = 9 - 3. What is the remainder when 27 is divided by h?
3
Let t = 147 - 102. Let o(k) = 15*k**3 + k**2 + k - 1. Calculate the remainder when t is divided by o(1).
13
Suppose 0 = 7*s + 319 + 10. Let w = -190 - -120. Let l = s - w. Calculate the remainder when l is divided by 6.
5
Let m(s) = -s**3 + 12*s**2 + 4*s - 5. What is the remainder when m(12) is divided by 9?
7
Suppose 0*l - 2*k - 4 = -l, -4*l = k - 7. Let f = -1 - -5. Suppose 2*h + f*z = 2, 0 = -h + 2*z + 4 + 1. Calculate the remainder when h is divided by l.
1
Let w = 57 + -47. Calculate the remainder when w is divided by 6.
4
Let z(v) = -v**2 - 17*v - 3. What is the remainder when 37 is divided by z(-16)?
11
Let j(x) = -2*x - 24. Calculate the remainder when j(-17) is divided by 7.
3
Let r = 15 - 10. Let x(o) = -o**2 + 7*o - 3. Let i be x(r). Suppose -w + i = -0*w. What is the remainder when 19 is divided by w?
5
Suppose -4*x + 157 + 171 = 0. Calculate the remainder when x is divided by 28.
26
Let b be (-1 - (-84)/39) + (-2)/13. Let f = 20 - 14. Let c = f - b. Calculate the remainder when c is divided by 3.
2
Suppose -3*g = -2*a + 5*a - 18, -4*a + 2*g = 0. Suppose 0*y + 4*y - 23 = p, 8 = y - p. Suppose 3*t - y = 1. What is the remainder when a is divided by t?
0
Suppose 5*g = g - 36. Calculate the remainder when 33 is divided by 620/36 - (-2)/g.
16
Let i = 35 + -53. Let b = i - -30. What is the remainder when b is divided by 5?
2
What is the remainder when ((-3)/5 - 2)*-5 is divided by 8?
5
Let x be (-8)/(-6)*(-3)/(-2). Suppose -n - x*n = -30. Let s(f) = f**3 - 6*f**2 + 2*f + 6. What is the remainder when s(6) is divided by n?
8
Suppose 3*u + 3*m - 303 = 0, -6*u = -2*u - m - 419. Calculate the remainder when u is divided by 35.
34
Let w = 2 - -28. Suppose -5*r = -3*r - w. Calculate the remainder when r is divided by 9.
6
Let g be (-3)/(-9) - 22/(-6). Suppose -x = g*x + 40. What is the remainder when 64 is divided by (33/4)/((-3)/x)?
20
Let r be 7/14 - (-186)/(-4). Let j = r - -85. Calculate the remainder when j is divided by 10.
9
Let r(k) = 5*k**2 - 2*k - 3. What is the remainder when r(-2) is divided by 11?
10
Suppose 3*j = 44 - 8. Suppose 32 = 3*w - 37. What is the remainder when w is divided by j?
11
Suppose 3*g - 1 - 26 = 0. Suppose -t + 51 - 17 = 0. What is the remainder when t is divided by g?
7
Suppose -3*t + 42 - 3 = 0. Suppose 129 = 3*k + 5*i, -3*k = 2*i - 0*i - 120. Calculate th